{"id":682,"date":"2025-01-15T15:24:51","date_gmt":"2025-01-15T18:24:51","guid":{"rendered":"https:\/\/viveremcrescimento.com.br\/?page_id=682"},"modified":"2026-01-21T12:26:04","modified_gmt":"2026-01-21T15:26:04","slug":"extratotermodefomento2025","status":"publish","type":"page","link":"https:\/\/viveremcrescimento.com.br\/index.php\/extratotermodefomento2025\/","title":{"rendered":"Extrato&#038;TermoDeFomento2025"},"content":{"rendered":"\t\t<div data-elementor-type=\"wp-page\" data-elementor-id=\"682\" class=\"elementor elementor-682\" data-elementor-settings=\"[]\">\n\t\t\t\t\t\t\t<div class=\"elementor-section-wrap\">\n\t\t\t\t\t\t\t<section class=\"elementor-section elementor-top-section elementor-element elementor-element-2f8d69c elementor-section-height-min-height elementor-section-boxed elementor-section-height-default elementor-section-items-middle\" data-id=\"2f8d69c\" data-element_type=\"section\" data-settings=\"{&quot;background_background&quot;:&quot;classic&quot;}\">\n\t\t\t\t\t\t<div class=\"elementor-container elementor-column-gap-default\">\n\t\t\t\t\t<div class=\"elementor-column elementor-col-100 elementor-top-column elementor-element elementor-element-917c2bc\" data-id=\"917c2bc\" data-element_type=\"column\">\n\t\t\t<div class=\"elementor-widget-wrap elementor-element-populated\">\n\t\t\t\t\t\t\t\t<div class=\"elementor-element elementor-element-139247c elementor-widget elementor-widget-html\" data-id=\"139247c\" data-element_type=\"widget\" data-widget_type=\"html.default\">\n\t\t\t\t<div class=\"elementor-widget-container\">\n\t\t\t<meta name=\"viewport\" content=\"width=device-width, initial-scale=1.0\">\r\n\r\n<!-- Menu Horizontal -->\r\n\r\n    <div style=\"background-color:  transparent; margin-top: 30px;\">\r\n        <nav style =\"display: flex; justify-content: space-between; align-items: center; position: relative; padding: 10px;\">\r\n            \r\n             <!-- Logo (Imagem Redonda) -->\r\n             \r\n       <img decoding=\"async\" src=\"https:\/\/viveremcrescimento.com.br\/wp-content\/uploads\/2025\/01\/vec.jpg\" alt=\"Logo\" style=\"border-radius: 50%; width: 120px; height: 120px\">\r\n            \r\n            <!-- Bot\u00e3o de Toggle para Mobile -->\r\n       <button id=\"menu-toggle\" style=\"background-color: transparent ; margin-top: 60px; border: none; color: white; font-size: 40px; cursor: pointer; \r\n      \">\r\n        <i class=\"fa-solid fa-bars\"><\/i><!-- \u00cdcone do menu hamburger -->\r\n        <span style=\"font-size: 16px; margin-top: 5px; display: block;\">Menu<\/span>\r\n        <\/button>\r\n        \r\n         <!-- Links do Menu -->\r\n         \r\n    <div id=\"menu-links\" style=\"display: flex; justify-content: center;\">\r\n        <a href=\"https:\/\/viveremcrescimento.com.br\/index.php\/\" class=\"menu-item\" style=\"color: white; padding: 10px; text-decoration: none;\">Home<\/a>\r\n        \r\n        <a href=\"https:\/\/viveremcrescimento.co\r\n        m.br\/index.php\/\" class=\"menu-item\" style=\"color: white; padding: 10px; text-decoration: none;\">Nossa Hist\u00f3ria<\/a>\r\n        \r\n         <a href=\"https:\/\/viveremcrescimento.com.br\/index.php\/\" class=\"menu-item\" style=\"color: white; padding: 10px; text-decoration: none;\">Cursos<\/a>\r\n        \r\n         <a href=\" https:\/\/viveremcrescimento.com.br\/index.php\/\" class=\"menu-item\" style=\"color: white; padding: 10px; text-decoration: none;\">Formaturas<\/a>\r\n        \r\n         <a href=\" https:\/\/viveremcrescimento.com.br\/index.php\/\" class=\"menu-item\" style=\"color: white; padding: 10px; text-decoration: none;\">Galeria<\/a>\r\n        \r\n        <a href=\"https:\/\/viveremcrescimento.com.br\/index.php\/pagina-doe\/\" class=\"menu-item\" style=\"color: white; padding: 10px; text-decoration: none;\">Doe<\/a>\r\n        \r\n        <a href=\"https:\/\/viveremcrescimento.com.br\/index.php\/\" class=\"menu-item\" style=\"color: white; padding: 10px; text-decoration: none;\">Contato<\/a>\r\n        \r\n         <a href=\"https:\/\/viveremcrescimento.com.br\/index.php\/pagina-transparencia\/\" class=\"menu-item\" style=\"color: white; padding: 10px; text-decoration: none;\">Transpar\u00eancia<\/a>\r\n      \r\n        <\/div>\r\n         \r\n         \r\n         <!-- Barra de Pesquisa -->\r\n         \r\n        <div class=\"div-bar-lupa\" style=\"display: inline-block; display: flex ;\">\r\n            <input id=\"search-bar\" type=\"text\"  placeholder=\"Buscar...\" >\r\n            <button class=\"button\"\r\n                id=\"search-btn\" \r\n                style=\"\">\r\n        <i class=\"fa-solid fa-magnifying-glass fa-2x\"><\/i> <!-- \u00cdcone da Font Awesome -->\r\n            <\/button>\r\n       <\/div>\r\n          \r\n        \r\n        <\/nav>\r\n        \r\n      <!-- Menu Off-Canvas -->\r\n           \r\n    <div id=\"menu-offcanvas\" style=\"\r\n        \r\n    \">\r\n        <a href=\"https:\/\/viveremcrescimento.com.br\/index.php\/\" style=\"color: white; text-decoration: none; display: block; margin-bottom: 20px; padding: 10px 0; border-bottom: 1px solid rgba(255, 255, 255, 0.3);\">Home<\/a>\r\n        \r\n        <a href=\"https:\/\/viveremcrescimento.com.br\/index.php\/\" style=\"color: white; text-decoration: none; display: block; margin-bottom: 20px; padding: 10px 0; border-bottom: 1px solid rgba(255, 255, 255, 0.3);\">Nossa Hist\u00f3ria<\/a>\r\n        \r\n        <a href=\"https:\/\/viveremcrescimento.com.br\/index.php\/\" style=\"color: white; text-decoration: none; display: block; margin-bottom: 20px; padding: 10px 0; border-bottom: 1px solid rgba(255, 255, 255, 0.3);\">Cursos<\/a>\r\n      \r\n         <a href=\"https:\/\/viveremcrescimento.com.br\/index.php\/\" style=\"color: white; text-decoration: none; display: block; margin-bottom: 20px; padding: 10px 0; border-bottom: 1px solid rgba(255, 255, 255, 0.3);\">Formaturas<\/a>\r\n         \r\n          <a href=\"https:\/\/viveremcrescimento.com.br\/index.php\/\" style=\"color: white; text-decoration: none; display: block; margin-bottom: 20px; padding: 10px 0; border-bottom: 1px solid rgba(255, 255, 255, 0.3);\">Galeria<\/a>\r\n        \r\n          <a href=\"https:\/\/viveremcrescimento.com.br\/index.php\/pagina-doe\/\" class=\"hover-grow\" style=\"color: white; text-decoration: none; display: block; margin-bottom: 20px; padding: 10px 0; border-bottom: 1px solid rgba(255, 255, 255, 0.3);\">Doe<\/a>\r\n        \r\n          <a href=\"https:\/\/viveremcrescimento.com.br\/index.php\/\" style=\"color: white; text-decoration: none; display: block; margin-bottom: 20px; padding: 10px 0; border-bottom: 1px solid rgba(255, 255, 255, 0.3);\">Contato<\/a>\r\n        \r\n          <a href=\"https:\/\/viveremcrescimento.com.br\/index.php\/pagina-transparencia\/\" style=\"color: white; text-decoration: none; display: block; margin-bottom: 20px; padding: 10px 0; border-bottom: 1px solid rgba(255, 255, 255, 0.3);\">Transpar\u00eancia<\/a>\r\n      \r\n        \r\n        <button id=\"menu-close\" style=\"\r\n            background-color: transparent;\r\n            border: none;\r\n            color: white;\r\n            font-size: 20px;\r\n            cursor: pointer;\r\n            margin-top: 20px;\r\n            \r\n        \">Fechar<\/button>\r\n    <\/div>\r\n<\/div>\r\n\r\n  <script>\r\n    \/\/ Expande ou realiza a busca ao clicar na lupa\r\n    document.getElementById('search-btn').addEventListener('click', function () {\r\n        const searchBar = document.getElementById('search-bar');\r\n        if (searchBar.style.width === '250px') {\r\n            \/\/ Realiza a busca ou retrai a barra\r\n            const query = searchBar.value.trim();\r\n            if (query) {\r\n                performGoogleSearch(query);\r\n            } else {\r\n                resetSearchBar(); \/\/ Retrai a barra se n\u00e3o houver texto\r\n            }\r\n        } else {\r\n            \/\/ Expande o campo de busca\r\n            searchBar.style.width = '250px';\r\n            searchBar.style.padding = '6px';\r\n            searchBar.focus(); \/\/ Foco no campo\r\n        }\r\n    });\r\n\r\n    \/\/ Realiza a pesquisa no Google\r\n    function performGoogleSearch(query) {\r\n        const googleUrl = `https:\/\/www.google.com\/search?q=${encodeURIComponent(query)}`;\r\n        window.location.href = googleUrl; \/\/ Redireciona para a busca no Google\r\n\r\n        \/\/ Reseta a barra ap\u00f3s a busca\r\n        resetSearchBar();\r\n    }\r\n\r\n    \/\/ Tamb\u00e9m realiza a busca ao pressionar Enter\r\n    document.getElementById('search-bar').addEventListener('keypress', function (event) {\r\n        if (event.key === 'Enter') {\r\n            const query = event.target.value.trim();\r\n            if (query) {\r\n                performGoogleSearch(query);\r\n            } else {\r\n                resetSearchBar(); \/\/ Retrai a barra se pressionar Enter sem texto\r\n            }\r\n        }\r\n    });\r\n\r\n    \/\/ Reseta o estilo da barra\r\n    function resetSearchBar() {\r\n        const searchBar = document.getElementById('search-bar');\r\n        searchBar.style.width = '';\r\n        searchBar.style.padding = '';\r\n        searchBar.value = ''; \/\/ Limpa o valor da barra\r\n    }\r\n<\/script>\r\n    \r\n    <!-- Script para Toggle -->\r\n<script>\r\n    document.getElementById('menu-toggle').addEventListener('click', function () {\r\n        const menu = document.getElementById('menu-offcanvas');\r\n        menu.style.right = '0'; \/\/ Move o menu para a tela\r\n    });\r\n\r\n    document.getElementById('menu-close').addEventListener('click', function () {\r\n        const menu = document.getElementById('menu-offcanvas');\r\n        menu.style.right = '-300px'; \/\/ Esconde o menu fora da tela\r\n    });\r\n<\/script>\r\n  \r\n   \r\n    \r\n    \r\n<style>\r\n\r\n\r\n    nav a {\r\n        text-decoration: none;\r\n        position: relative;\r\n    }\r\n\r\n    \/* Efeito ao passar o mouse *\/\r\n    nav a::after {\r\n        content: '';\r\n        position: absolute;\r\n        left: 0;\r\n        bottom: 0;\r\n        width: 0;\r\n        height: 2px;\r\n        background-color: white; \/* Cor da listra *\/\r\n        transition: width 0.3s ease-in-out; \/* Anima\u00e7\u00e3o suave *\/\r\n    }\r\n\r\n    nav a:hover::after {\r\n        width: 100%; \/* Preenche toda a largura do link *\/\r\n    }\r\n    \r\n    \r\n    \r\n    \r\n\/* Estilo geral para os links do menu *\/\r\n.menu-item {\r\n    color: white;\r\n    padding: 10px;\r\n    text-decoration: none;\r\n    font-size: 23px; \/* Aumenta o tamanho da fonte *\/\r\n    margin-left: 15px; \/* Espa\u00e7o entre os itens *\/\r\n    transition: font-size 0.3s ease; \/* Efeito suave ao alterar o tamanho da fonte *\/\r\n}\r\n\r\n\/* Alterando o tamanho da fonte quando o link \u00e9 hover *\/\r\n.menu-item:hover {\r\n    font-size: 20px; \/* Aumenta um pouco mais no hover *\/\r\n}\r\n\r\n    \r\n\/* Estilo inicial para a barra de pesquisa *\/\r\n#search-bar {\r\n    width: 0;\r\n    padding: 0;\r\n    height: 50px;\r\n    font-size: 12px;\r\n    border-radius: 38px;\r\n    border: none;\r\n    margin-left: 10px;\r\n    transition: width 0.5s ease-in-out;\r\n    overflow: hidden;\r\n   \r\n}\r\n\r\n\r\n\/* botao da barra de pesquisa*\/\r\n#search-btn{\r\n     background-color: transparent; \r\n     color: white; \r\n     padding: 6px 10px; \r\n     border-radius: 28px;\r\n     border:none;\r\n     cursor: pointer; \r\n     display: inline-block; \r\n     font-size: 18px; \/* Ajusta o tamanho do \u00edcone *\/\r\n     margin-right: 100px;\r\n}\r\n\r\n#search-btn{\r\n    transition: transform 0.3s ease; \/* Transi\u00e7\u00e3o suave para o efeito de crescimento *\/\r\n}\r\n    \r\n#search-btn:hover i {\r\n    transform: scale(1.2); \/* Aumenta o tamanho do \u00edcone para 120% *\/\r\n}    \r\n    \r\n\/* Estilos para telas grandes (desktop) *\/\r\n#menu-toggle {\r\n    display: none; \/* Esconde o bot\u00e3o de toggle em telas grandes *\/\r\n}\r\n\r\n\/* Estilos para o menu-offcanvas *\/\r\n\r\n#menu-offcanvas{\r\n    position: fixed;\r\n    top: 0;\r\n    right: -300px; \/* Menu come\u00e7a fora da tela *\/\r\n    width: 300px;\r\n    height: 100%;\r\n    background-color: #099E7B;\r\n    color: white;\r\n    padding: 20px;\r\n    box-shadow: -3px 0 5px rgba(0, 0, 0, 0.5);\r\n    transition: right 0.3s ease-in-out; \/* Anima\u00e7\u00e3o suave *\/\r\n    z-index: 9999;\r\n}\r\n\r\n        \r\n\/* Estilos para telas pequenas *\/\r\n@media (max-width: 767px) {\r\n    \r\n    .div-bar-lupa {\r\n     display: none !important; \/* !important for\u00e7a a regra *\/\r\n    }\r\n    \r\n    #menu-links {\r\n        display: none; \/* Esconde o menu em telas pequenas *\/\r\n        flex-direction: column; \/* Organiza os links em coluna *\/\r\n        width: 100%;\r\n    }\r\n\r\n    #menu-links a {\r\n        padding: 15px;\r\n        width: 100%;\r\n        text-align: center;\r\n        color: white;\r\n        display: none;\r\n    }\r\n    \r\n    \r\n    \r\n   \r\n\r\n  \/* Exibe o bot\u00e3o de toggle em telas pequenas *\/\r\n    #menu-toggle {\r\n        display: block; \/* Mostra o menu hamburger *\/\r\n        background-color: transparent;\r\n        color: white;\r\n        font-size: 30px;\r\n        cursor: pointer;\r\n        border: none;\r\n        padding: 10px;\r\n        border-radius: 10px;\r\n        position: absolute;\r\n        top: -20px;\r\n        right: 10px;\r\n    }\r\n    \r\n   \/* Efeito de hover grow *\/\r\n.hover-grow {\r\n    transition: transform 0.3s ease, color 0.3s ease; \/* Transi\u00e7\u00f5es suaves *\/\r\n}\r\n\r\n.hover-grow:hover {\r\n    transform: scale(1.1); \/* Aumenta o tamanho em 10% *\/\r\n    color: #FFD700; \/* Muda a cor para dourado no hover *\/\r\n}\r\n \r\n    \r\n}\r\n\r\n\/* Configs para celular*\/\r\n\r\n \/* Exibir a barra de pesquisa em tablets *\/\r\n    @media (min-width: 768px) and (max-width: 1024px) {\r\n        \r\n        .fa-magnifying-glass {margin-right: 150px;}\r\n        \r\n        .div-bar-lupa {\r\n            display: flex; !important; \/* !important for\u00e7a a regra *\/\r\n        }\r\n        \r\n\/* Exibe o bot\u00e3o de toggle em telas pequenas *\/\r\n    #menu-toggle {\r\n        display: block; \/* Mostra o menu hamburger *\/\r\n        background-color: transparent;\r\n        color: white;\r\n        font-size: 30px;\r\n        cursor: pointer;\r\n        border: none;\r\n        padding: 10px;\r\n        border-radius: 10px;\r\n        position: absolute;\r\n        top: -80px;\r\n        right: 10px;\r\n    }\r\n    \r\n     #menu-links {\r\n        display: none; \/* Esconde o menu em telas pequenas *\/\r\n        flex-direction: column; \/* Organiza os links em coluna *\/\r\n        width: 100%;\r\n    }\r\n\r\n    #menu-links a {\r\n        padding: 15px;\r\n        width: 100%;\r\n        text-align: center;\r\n        color: white;\r\n        display: none;\r\n    }\r\n    \r\n    \/* Efeito de hover grow *\/\r\n.hover-grow {\r\n    transition: transform 0.3s ease, color 0.3s ease; \/* Transi\u00e7\u00f5es suaves *\/\r\n}\r\n\r\n.hover-grow:hover {\r\n    transform: scale(1.1); \/* Aumenta o tamanho em 10% *\/\r\n    color: #FFD700; \/* Muda a cor para dourado no hover *\/\r\n}\r\n   \r\n    }\r\n    \r\n    \r\n        \r\n\r\n    \r\n<\/style>\r\n<link href=\"https:\/\/cdnjs.cloudflare.com\/ajax\/libs\/font-awesome\/6.0.0-beta3\/css\/all.min.css\" rel=\"stylesheet\">\t\t<\/div>\n\t\t\t\t<\/div>\n\t\t\t\t\t<\/div>\n\t\t<\/div>\n\t\t\t\t\t\t\t<\/div>\n\t\t<\/section>\n\t\t\t\t<section class=\"elementor-section elementor-top-section elementor-element elementor-element-f1a0ecf elementor-section-height-min-height elementor-section-boxed elementor-section-height-default elementor-section-items-middle\" data-id=\"f1a0ecf\" data-element_type=\"section\" data-settings=\"{&quot;background_background&quot;:&quot;classic&quot;}\">\n\t\t\t\t\t\t<div class=\"elementor-container elementor-column-gap-default\">\n\t\t\t\t\t<div class=\"elementor-column elementor-col-100 elementor-top-column elementor-element elementor-element-b863e6e\" data-id=\"b863e6e\" data-element_type=\"column\">\n\t\t\t<div class=\"elementor-widget-wrap elementor-element-populated\">\n\t\t\t\t\t\t\t\t<div class=\"elementor-element elementor-element-be06bb1 elementor-widget elementor-widget-heading\" data-id=\"be06bb1\" data-element_type=\"widget\" data-widget_type=\"heading.default\">\n\t\t\t\t<div class=\"elementor-widget-container\">\n\t\t\t<h2 class=\"elementor-heading-title elementor-size-large\">Ano de 2025<\/h2>\t\t<\/div>\n\t\t\t\t<\/div>\n\t\t\t\t<div class=\"elementor-element elementor-element-ebc0525 elementor-widget elementor-widget-text-editor\" data-id=\"ebc0525\" data-element_type=\"widget\" data-widget_type=\"text-editor.default\">\n\t\t\t\t<div class=\"elementor-widget-container\">\n\t\t\t\t\t\t\t<p><a href=\"https:\/\/viveremcrescimento.com.br\/wp-content\/uploads\/2026\/01\/C.E-Ano-2025-1.pdf\">C.E &#8211; Ano 2025<\/a><strong>Objeto do instrumento:<\/strong><\/p><p>Qualificar mulheres de favelas com o curso de Cuidador de Idosos no Munic\u00edpio do Rio de Janeiro<\/p><p><strong>Instrumento n\u00famero: 975939\/2025<\/strong><\/p><p><span style=\"background-color: var(--wp--preset--color--background); font-family: var(--wp--preset--font-family--system-font); font-size: var(--wp--preset--font-size--medium);\">Valor a ser liberado: <\/span>R$200.000,00<\/p><p><span style=\"font-family: var(--wp--preset--font-family--system-font); font-size: var(--wp--preset--font-size--medium); background-color: var(--wp--preset--color--background);\">Valor previsto para a equipe de trabalho: R$164.320,00<\/span><\/p><p>Fun\u00e7\u00f5es desempenhadas pela equipe de trabalho: coordenador geral, coordenador administrativo, coordenador de m\u00eddias sociais, professor (4), monitor (4), contador, coach terapeuta, produtor cultural, motorista, profissionais para realiza\u00e7\u00e3o do evento de formatura (3), combust\u00edvel, contrata\u00e7\u00e3o de profissional (aluguel das becas de formatura) servi\u00e7o de recrutamento, sele\u00e7\u00e3o e admiss\u00e3o (presta\u00e7\u00e3o de servi\u00e7o administrativo &#8211; recursos humanos)<\/p><p>Remunera\u00e7\u00e3o prevista para o respectivo exerc\u00edcio: R$164.320,00<\/p><p><a href=\"https:\/\/viveremcrescimento.com.br\/wp-content\/uploads\/2026\/01\/SEI_MDHC-3862587-Termo-de-Fomento.pdf\"><span style=\"color: #25ba97;\">Termo de Fomento N: 975939\/2025 &#8211; <strong>10\/12\/2025<\/strong><\/span><\/a><\/p><p><a href=\"https:\/\/viveremcrescimento.com.br\/wp-content\/uploads\/2026\/01\/Publicacao_56495177__Publi_DOU_de_19_12__2_-1.pdf\"><span style=\"color: #25ba97;\">Publica\u00e7\u00e3o em Di\u00e1rio Oficial da Uni\u00e3o &#8211; Extrato de Termo de Fomento &#8211; <strong>19\/12\/2025<\/strong><\/span><br \/><\/a><\/p><p><a style=\"color: #25ba97;\" href=\"https:\/\/viveremcrescimento.com.br\/wp-content\/uploads\/2026\/01\/C.E-Ano-2025-1.pdf\">Hist\u00f3rico de Emenda 2025<\/a><\/p>\t\t\t\t\t\t<\/div>\n\t\t\t\t<\/div>\n\t\t\t\t\t<\/div>\n\t\t<\/div>\n\t\t\t\t\t\t\t<\/div>\n\t\t<\/section>\n\t\t\t\t<section class=\"elementor-section elementor-top-section elementor-element elementor-element-e60c593 elementor-section-full_width elementor-section-height-min-height elementor-section-height-default elementor-section-items-middle\" data-id=\"e60c593\" data-element_type=\"section\" data-settings=\"{&quot;background_background&quot;:&quot;classic&quot;}\">\n\t\t\t\t\t\t<div class=\"elementor-container elementor-column-gap-default\">\n\t\t\t\t\t<div class=\"elementor-column elementor-col-100 elementor-top-column elementor-element elementor-element-b47f0e1\" data-id=\"b47f0e1\" data-element_type=\"column\">\n\t\t\t<div class=\"elementor-widget-wrap elementor-element-populated\">\n\t\t\t\t\t\t\t\t<div class=\"elementor-element elementor-element-4a36e24 elementor-widget elementor-widget-text-editor\" data-id=\"4a36e24\" data-element_type=\"widget\" data-widget_type=\"text-editor.default\">\n\t\t\t\t<div class=\"elementor-widget-container\">\n\t\t\t\t\t\t\t<p>2022 &#8211; Todos os direitos reservados<\/p>\t\t\t\t\t\t<\/div>\n\t\t\t\t<\/div>\n\t\t\t\t\t<\/div>\n\t\t<\/div>\n\t\t\t\t\t\t\t<\/div>\n\t\t<\/section>\n\t\t\t\t\t\t<\/div>\n\t\t\t\t\t<\/div>\n\t\t","protected":false},"excerpt":{"rendered":"<p>Menu Home Nossa Hist\u00f3ria Cursos Formaturas Galeria Doe Contato Transpar\u00eancia Home Nossa Hist\u00f3ria Cursos Formaturas Galeria Doe Contato Transpar\u00eancia Fechar Ano de 2025 C.E &#8211; Ano 2025Objeto do instrumento: Qualificar mulheres de favelas com o curso de Cuidador de Idosos no Munic\u00edpio do Rio de Janeiro Instrumento n\u00famero: 975939\/2025 Valor a ser liberado: R$200.000,00 Valor [&hellip;]<\/p>\n","protected":false},"author":1,"featured_media":0,"parent":0,"menu_order":0,"comment_status":"closed","ping_status":"closed","template":"elementor_canvas","meta":{"footnotes":""},"class_list":["post-682","page","type-page","status-publish","hentry"],"_links":{"self":[{"href":"https:\/\/viveremcrescimento.com.br\/index.php\/wp-json\/wp\/v2\/pages\/682","targetHints":{"allow":["GET"]}}],"collection":[{"href":"https:\/\/viveremcrescimento.com.br\/index.php\/wp-json\/wp\/v2\/pages"}],"about":[{"href":"https:\/\/viveremcrescimento.com.br\/index.php\/wp-json\/wp\/v2\/types\/page"}],"author":[{"embeddable":true,"href":"https:\/\/viveremcrescimento.com.br\/index.php\/wp-json\/wp\/v2\/users\/1"}],"replies":[{"embeddable":true,"href":"https:\/\/viveremcrescimento.com.br\/index.php\/wp-json\/wp\/v2\/comments?post=682"}],"version-history":[{"count":52,"href":"https:\/\/viveremcrescimento.com.br\/index.php\/wp-json\/wp\/v2\/pages\/682\/revisions"}],"predecessor-version":[{"id":1556,"href":"https:\/\/viveremcrescimento.com.br\/index.php\/wp-json\/wp\/v2\/pages\/682\/revisions\/1556"}],"wp:attachment":[{"href":"https:\/\/viveremcrescimento.com.br\/index.php\/wp-json\/wp\/v2\/media?parent=682"}],"curies":[{"name":"wp","href":"https:\/\/api.w.org\/{rel}","templated":true}]}}